**2 + 21*k - 1587. Let x be z(76). Calculate the greatest common factor of t and x.
9
Let l = -154 + 132. Let x be l/(4 + (-38)/9). What is the greatest common factor of 81 and x?
9
Suppose 180*a + 135*a = 1103760. Calculate the highest common divisor of 96 and a.
48
Let y(i) = -11*i + 916. Let a be y(5). What is the greatest common divisor of 63 and a?
21
Let r(c) = 19*c**2 + 432*c - 2612. Let g be r(6). Suppose -5*q - a + 42 = 0, 2 = 2*a - a. Calculate the greatest common divisor of q and g.
8
Let z(s) be the third derivative of s**4/3 + s**3 + 6*s**2 - 4. Let x be z(1). What is the highest common factor of x and 91?
7
Let x(o) = 121*o**3 + 2*o**2 - 94*o + 91. Let n be x(1). Calculate the highest common divisor of n and 2856.
24
Let b(v) = -19*v**3 + v**2 + 2*v + 2. Let n be b(-1). Let q = -54 + n. Let s = 47 + q. Calculate the highest common factor of s and 65.
13
Suppose -2*t = -3*l - 844, 4*t - 796 - 332 = 4*l. Let h = -100 - l. Suppose 3*u - h = -6*u. What is the greatest common divisor of 40 and u?
20
Suppose n - 91 = a, 4*n + 5*a - 108 = 274. Let f = 125 + -55. Suppose -2*z + 2*l + f = 0, -4*z = l - n - 47. What is the greatest common divisor of 5 and z?
5
Let i(n) = -20*n**2 - 779*n + 40. Let b be i(-39). What is the highest common factor of b and 1019?
1
Suppose -88 = -13*q + 185. Let n = -85 - -232. Calculate the highest common factor of n and q.
21
Suppose -c - 2*m + 52 = c, 0 = 2*c + 4*m - 56. Let k = c - 36. Let w = k + 36. Calculate the highest common factor of 18 and w.
6
Let j be ((-16072)/(-294))/((-2)/(-111)). Calculate the greatest common divisor of j and 164.
82
Suppose 0 = -3*k + 12, 0*v - 24 = 5*v - k. Let q be 54 - 24/4 - v. What is the highest common divisor of q and 78?
26
Let c = -5507 + 6830. What is the greatest common factor of c and 54?
27
Let x = -13 - -15. Suppose -4*n + 1403 = 4*q - 705, -x*n - 5*q + 1048 = 0. Calculate the highest common factor of 23 and n.
23
Let v be ((-1)/2 - 5/(-6))*(5859 + -5289). What is the greatest common divisor of 640 and v?
10
Let f = -258 - -273. Let w(d) = -d**3 - 5*d**2 - 4*d - 5. Let h be w(-5). What is the greatest common factor of f and h?
15
Let f = 91 + -87. Suppose f*n + 0*n - 124 = 0. Suppose -7*d + n = -4. What is the highest common factor of d and 1?
1
Let x = -409 + 619. Suppose 13*s + x = 665. What is the greatest common factor of 10 and s?
5
Suppose -7*h = -2*h - 100. Suppose -2*c - k + 794 = 0, 32*k = -4*c + 28*k + 1592. Let s be c/15 + (-8)/h. Calculate the greatest common divisor of 2 and s.
2
Let a = 679 - -815. Suppose 1503*v - a*v = 756. What is the greatest common divisor of 224 and v?
28
Suppose -46*o = -43*o - 1047. Let g = -302 + o. What is the highest common factor of g and 799?
47
Let i be -2*(4/(-1) + -1 + 3). Let t = 1 - -1. Calculate the highest common factor of t and i.
2
Let f be 3 + (2 + 1 - -1). Suppose -f*l + 11*l - 48 = 0. What is the highest common divisor of 324 and l?
12
Suppose 4*a - 6*a + 5*u = 272, 0 = -a - 2*u - 118. Let d be 2/a*-45*1*7. Calculate the greatest common divisor of 145 and d.
5
Let k(z) be the second derivative of -z**5/20 - z**4/12 - 37*z**2/2 + 19*z. Let u be k(0). Let m = u + 46. What is the greatest common factor of 9 and m?
9
Suppose 15*h - 58*h + 2941 = -1531. Let n(k) = -k**3 - k**2 + k + 1. Let v be n(-1). Suppose v = -3*b + 11 + 28. What is the greatest common divisor of b and h?
13
Let k(j) = 123*j - 2079. Let s be k(17). Calculate the greatest common factor of s and 375.
3
Let y(p) = -5*p**3 - 17*p**2 + 8*p - 1. Let c be y(-4). Calculate the greatest common factor of c and 115.
5
Let t be ((-6)/7)/(-2 + (-50)/(-28)). Suppose -54 = -2*v - t*v. Suppose 6*o - v*o + 3 = 0. What is the greatest common factor of 5 and o?
1
Suppose 146 + 70 = -6*a. Let m be (16*-1 - -4)/(a/120). Suppose 0 = h + 5*r - 50, 3 = -h + 4*r + 35. Calculate the highest common divisor of h and m.
40
Suppose -21*y + 57 = -111. Suppose 4*i + 30 = 5*l, 3 = -2*l + 2*i + 17. Let d be 846/36 + 1/l. Calculate the greatest common factor of y and d.
8
Let j = 39332 - 39267. Calculate the greatest common factor of 10699 and j.
13
Let f(j) = -795*j + 2442. Let k be f(3). What is the highest common factor of k and 27?
3
Suppose -5*y + 2*d = 32, 3*y - 6*d = -2*d - 22. Let t be 4 - 28*(y + -2). What is the greatest common factor of t and 12?
12
Let c be (0 - -9)*(-8)/24*-53. What is the greatest common factor of 424 and c?
53
Suppose 4*z - 188 = a - 6*a, -148 = -3*z - 2*a. Let b be (z/10 - 1)*5. Calculate the highest common factor of 49 and b.
7
Let c(q) = 4*q + 8. Suppose -86*p + 80 = -87*p. Let k be (p/100)/(-1 + (-26)/(-30)). Let u be c(k). Calculate the highest common divisor of 16 and u.
16
Let s be (22/(-44) - (-2)/4)/(-1). Let y be (s - (-298 - -6)) + 2. Calculate the highest common divisor of y and 42.
42
Suppose -16*t + 13*t + 2*v + 57 = 0, 69 = 3*t + 2*v. What is the greatest common factor of 1645 and t?
7
Let f be (17 - 16)*(12 + 1) - -2. Suppose -7*a + 13 + f = 0. Calculate the highest common factor of 6 and a.
2
Let q(y) = -y**2 + 31*y - 158. Let w be q(23). Suppose -3*c = 5*i - 17, -4*i - 2*c = c - 13. Calculate the greatest common divisor of w and i.
2
Let o be ((-87)/(-232))/((-1)/2)*-8. Let u = 0 + 3. Let d be 236 - (u/6 - (-21)/o). What is the greatest common divisor of 29 and d?
29
Let l(t) be the third derivative of t**6/60 - 13*t**5/60 + 23*t**4/24 - 2*t**3 - 50*t**2. Let p be l(5). Calculate the greatest common factor of 574 and p.
14
Let w = -29 + -9. Let g = -20 - w. Suppose 1037*c - 1042*c + 10 = 0. Calculate the highest common divisor of g and c.
2
Suppose 5*z = -25, -3*m + z + 91 = -55. Let i be ((-4)/5)/(3/30). Let a(s) = -26*s - 20. Let b be a(i). What is the greatest common divisor of m and b?
47
Suppose 2 = t - 5*k - 25, t + k - 9 = 0. Suppose 48 = t*n - 0. Calculate the highest common divisor of 4 and n.
4
Let l(o) = 111*o - 1287. Let p be l(25). Calculate the greatest common factor of p and 32.
16
Let c = 14606 + -7956. Calculate the highest common factor of c and 28.
14
Let i be ((-360)/24 - -12)/(3/(5*-3)). What is the greatest common factor of i and 23385?
15
Let h(j) = -j**3 - 29*j**2 - 231*j + 131. Let k be h(-12). Calculate the highest common divisor of 4615 and k.
65
Let m be 10470/27 - (-314)/1413. Calculate the highest common factor of 8342 and m.
194
Let l = -10119 - -10155. Let p(w) = -w**3 - w**2 + 3*w + 3. Let j be p(-2). Let g be ((-24)/18)/(j/(-135)). What is the highest common divisor of l and g?
36
Let z(k) = k**2 - 17*k - 58. Let q be z(20). Suppose q*t + 10 = 2*h, -6*h - t + 3 = -5*h. Calculate the highest common factor of 1 and h.
1
Let k(c) = -c**3 - 10*c**2 + 6*c - 13. Let s be k(-11). Suppose -126 = 110*t - 116*t. What is the greatest common factor of t and s?
21
Let y be (7 + -1 - 0)*(-21)/(-14). Suppose -2*o - y*o - 671 = 0. Let n = 243 + o. Calculate the greatest common divisor of 26 and n.
26
Suppose 5*u = 3*v - 312 - 214, 0 = -v - 4*u + 215. Calculate the highest common factor of 2431 and v.
187
Let r(u) = -u**3 + 6*u**2 + u + 2. Let z be r(6). Suppose -4 = 4*i - 3*i. Let y be 190/25 + i/(-10). Calculate the greatest common divisor of z and y.
8
Suppose -4*j + 2*y + 18 = 0, -j - 2*j + 9 = -3*y. Let b(i) = 12*i**2 + 15*i + 4. Let w be b(-2). What is the greatest common divisor of j and w?
2
Suppose 61*s = 65*s - 4*b - 1848, 4*b - 1400 = -3*s. Calculate the highest common divisor of 784 and s.
16
Suppose 16*c = c - 2925. Let m = c + 213. Suppose 28 + 32 = 5*p. What is the highest common divisor of m and p?
6
Let g be 54/(-7) - 4/14. Let n(v) = 39*v**2 - 108*v**2 + 5 - 12*v + 2 + 2*v + 71*v**2. Let l be n(g). Calculate the greatest common factor of l and 86.
43
Let b be ((-156)/(-15) - -2) + (-2)/5. Let o be b*(3 + (-18)/4) + -3. Let h be o/2*(-22)/11. Calculate the greatest common factor of h and 84.
21
Let n be (-112)/(-24)*(-12)/(-14). Let r be 32/4 + -3 - (2 - n). Suppose 8*g - 119 = r*g. Calculate the highest common divisor of 17 and g.
17
Suppose 23*s = 5*s + 54. Suppose s*y + 3*c = 30, -3*c = -2*y + 39 - 4. What is the greatest common factor of y and 39?
13
Let k = 15535 - 15505. Calculate the highest common factor of k and 710.
10
Suppose 24*j + 233 = 52*j - 719. Calculate the greatest commo